m(z) = -4 + 15 - z**g - 5 + 2*z - 4. What is m(-2)?
-6
Suppose 6*m + 46 = -38. Let l(f) = f - 2. Let x(a) = -2*a + 4. Let o(d) = m*l(d) - 6*x(d). Let c(p) = -p**3 + 2*p**2 + 2*p + 4. Let z be c(0). Determine o(z).
-4
Suppose -211*s = -210*s - 2. Let w be (55/(-10))/(s/(-4)). Let d(a) = 2*a - 13. Determine d(w).
9
Let q(o) = 35*o**2 - o + 14. Let z be q(0). Let s(c) = -c**2 + 13*c - 9. Determine s(z).
-23
Let a(g) = 0*g**2 - 2*g + 6*g**2 + 3*g**2 - g**3 + 12. Let i be ((-72)/(-20))/(-9) - 51/(-15). Suppose -3*z = -x - 22, i*x = -4*z - x + 56. Calculate a(z).
-6
Let p(g) = 3 - 373*g + 1476*g - 361*g - 367*g - 362*g. Give p(4).
55
Let a(t) = -t**2 + 10*t + 3. Let r be a(10). Let z(q) be the first derivative of -5 + 0 + r - 10 - 12*q**2. Calculate z(-1).
24
Suppose -79*t + 43 = 359. Let y(w) = w**2 + 5*w - 3. What is y(t)?
-7
Let p(z) = -4*z**2 + 5*z - 1. Let j(x) = 2*x**2 - 2*x + 1. Let a(t) = 5*j(t) + 2*p(t). Suppose b - 7 = 4*w + 3, -w = 5*b + 13. Calculate a(b).
11
Let m(u) = u - 18. Let d be m(20). Let p(h) be the first derivative of -2*h - 680 - 4*h**2 + 666 + 5*h**d. Calculate p(2).
2
Let p(l) = 7847*l**2 - 3812*l**2 - 4034*l**2. Suppose -m = -3*h - 2, 1 - 2 = -h. Suppose 0 = -3*z + 15, 4*v - m*z = -2*z - 19. Calculate p(v).
1
Let l = 396 + -393. Let g(a) = -3*a + 12 - l + a - a. Determine g(4).
-3
Let t(d) = -3*d + 7*d + 0*d + 1. Let s = 660 - 659. Determine t(s).
5
Let w(y) = -14*y**2 + 11*y**2 - 11*y**2 - y**3 + 11*y**2 + 25*y + 8 - 6*y**2. What is w(-11)?
-25
Let x(i) = -15*i - 21. Let g(z) = 3*z + 4. Let c(n) = 22*n + 1. Let v be c(-1). Let q(u) = v*g(u) - 4*x(u). Let p(b) = -4*b - 2. Let m be p(-1). What is q(m)?
-6
Let p(u) = -8*u + 233. Let s(v) = 2*v**2 - 46*v - 1691. Let r be s(43). Determine p(r).
1
Let d(t) be the first derivative of t + 38 - 16 - 16. Let g(m) = -m**2 + 2*m - 1. Let w(o) = -5*d(o) - g(o). What is w(5)?
11
Let g(z) = z**3 - 2*z + 4. Let s be g(0). Let x(l) = -5*l**2 - 9*l - 2. Let c(o) = 9*o**2 + 18*o + 2. Let i(y) = s*c(y) + 7*x(y). Calculate i(-9).
-6
Suppose -4*v - 4 = -4*z, -z - 4*v + 11 = 10. Let k(r) = 1 - 3 + 1 - 2*r + z + 3. Calculate k(5).
-7
Let d(j) = -j**3 - 7*j**2 + 9*j + 10. Let a be d(-8). Let h(u) be the first derivative of -13*u + 4*u**a + 14*u + u**2 + 13. What is h(-1)?
-9
Let z(y) = y**3 - 2 + 4*y**2 - 2*y - 3 + 7 + 3. Suppose -2*u - 82 = -v - 259, -102 = -u + 5*v. Suppose -10*x + 47 = u. Calculate z(x).
13
Let d(c) = -8*c + 49. Suppose -45*u = -w - 39*u - 29, 2*u - 12 = 0. Give d(w).
-7
Let g be 8 - (-17)/(102/(-36)). Suppose 0 = 5*b - 2*b - 15, -g*b = -d - 13. Let u(q) = q**3 + 7*q**2 + 3*q + 3. Determine u(d).
30
Let b(z) = -6*z**2 + 4*z + 2. Let m(q) = 2*q**3 + 2*q**2 + 2*q. Let k be m(1). Let w(i) = -11*i**2 + 10*i + 5. Let v(u) = k*w(u) - 15*b(u). Calculate v(-1).
24
Let r(w) = -35*w + 1. Let y(o) = 165*o - 4. Let s(z) = 11*r(z) + 2*y(z). Calculate s(1).
-52
Let i(x) = 4*x**2 + 2*x - 4. Let j(s) = -31*s**2 - 87*s + 31. Let l(g) = 6*i(g) + j(g). Determine l(-11).
-15
Let n(d) be the second derivative of -d**4/4 - 5*d**3/6 - 204*d - 11. Determine n(2).
-22
Suppose 0 = 5*s - 6 - 4. Let f be (-1 + s - -49) + -8 + 6. Let a = -40 + f. Let y(i) = -i**3 + 9*i**2 - 6*i - 8. Give y(a).
8
Let s be (-3)/2*(610/(-30) + -4 + 7). Let i(g) be the third derivative of -1/3*g**4 - s*g**2 + 0*g**3 + 0 + 0*g. Determine i(-1).
8
Suppose -11*g + 11 = -22. Let p(d) = g - 2*d + 2*d**2 + d + 7*d**3 + 1 - 6*d**3 - 7. Determine p(2).
11
Let s(j) be the first derivative of 6*j - 84 + 2*j**2 + 1/3*j**3. Determine s(-3).
3
Let w be (7/4)/(3/(-12)). Let m(o) = 6*o**2 - 3*o - 947. Let i(c) = -7*c**2 + 2*c + 1079. Let u(p) = 7*i(p) + 8*m(p). Give u(w).
-2
Let i(b) be the first derivative of 1/3*b**3 - 37 + 4*b**2 - 11*b. What is i(-8)?
-11
Let p be -4 + (3 - 3) + 6. Let u be 37 - (p - (2 + -3 + 0)). Let l = u + -25. Let s(k) = k**3 - 8*k**2 - 8*k - 5. Calculate s(l).
4
Let c be ((253/(-66) - -4) + (-3)/(-9))*10. Let m(u) = 11 - 1 - 20*u + 18*u + 1. Determine m(c).
1
Let w(j) = j**3 + 4*j**2 - 20*j + 15. Let o(l) = 30*l - 277. Let q be o(9). What is w(q)?
8
Let d(o) = o**2 - 22*o + 6. Let m(c) = 4*c**2 - 69*c - 112. Let p be m(19). Determine d(p).
-15
Let k(m) = -m + 8. Let o be k(5). Suppose 8 - 14 = o*l. Let n(y) = -5*y + 6. Let z(q) = -10*q + 13. Let w(g) = -9*n(g) + 4*z(g). Give w(l).
-12
Let y(w) be the first derivative of w**4/12 + w**2/2 + 5. Let o(p) be the second derivative of y(p). Suppose 17*q - 8891 + 8840 = 0. Determine o(q).
6
Let x(r) be the third derivative of -r**5/30 - r**4/2 + 5*r**3/6 - 13*r**2 + 2*r - 58. Determine x(-6).
5
Let z(q) = -55*q - 3905. Let r be z(-71). Let n(b) = b**2 + 7*b. What is n(r)?
0
Let s be (-15)/12 - 3/4. Let j(h) = -196 + h**3 - h + 0*h + 0*h + 105 + 92. What is j(s)?
-5
Let m = 440 - 439. Let y(s) = -4*s. Let w(p) = 17*p - 2. Let b(j) = w(j) + 6*y(j). Determine b(m).
-9
Let a(x) = -x + 10. Let i be (-2)/(((-3)/(-10))/(24/(-32))). Let f be (-109 - -3 - -2) + -2 + i. Let l = 109 + f. What is a(l)?
2
Suppose -4*i = -4*g + 23 + 57, -5*i = 0. Let o = g - 18. Let d(v) = 4*v**2 + 3*v**o - 6*v**2 + 1 + v. Determine d(-1).
1
Let d(l) = -l**2 + 2. Suppose 4*u + 242 = -230. Let y = 127 + u. Suppose y*t + 7*t - t = 0. Calculate d(t).
2
Let y(c) = -c**2 - c - 2. Let j(b) = b**2 + b. Suppose -76*n - 24 = -84*n. Let a(i) = n*j(i) + 4*y(i). Let h = 2 - 2. Calculate a(h).
-8
Let i be -4*(-5 + 6) + 0/(-4). Let q(m) = 2*m - 2. Let s(d) = 8 - 3*d - 12 + 6. Let n(k) = 4*q(k) + 3*s(k). Give n(i).
2
Let b(i) = 6 + 156 + 16*i - 6*i. Give b(-18).
-18
Let j(w) = -9*w + 3. Let v(m) = -3*m**3 - 88*m**2 - 27*m + 62. Let h be v(-29). Calculate j(h).
-33
Let h(p) = -p - 1. Let r be h(-4). Let o be 9/(0 + r) - 2. Let x(a) = 8*a - o - 3 + 3 + 0*a. Give x(-1).
-9
Let a = 2 + -3. Let h(o) = -56*o**2 + 4*o + 7. Let k(c) = -40*c**2 + 3*c + 5. Let t(y) = 3*h(y) - 4*k(y). Give t(a).
-7
Let i(c) be the first derivative of c**2 + 8*c + 2967. What is i(5)?
18
Let a(g) = 2 - 10 + 6*g - 2 + 9 + 0 + 2. Let u(f) = f + 2. Let l be u(-6). Let d = l - -2. Give a(d).
-11
Let n(r) = 10*r + 54*r - 31 - 186*r**2 + 345*r**2 - 156*r**2. Give n(-22).
13
Let x(w) = -16*w + 135*w**2 - 2*w + 15*w - 132*w**2. Calculate x(2).
6
Let q(s) = -3*s**2 + 31*s - 36. Let u be 37638/4059 + (-14)/11. What is q(u)?
20
Let t(c) = 3*c**3 + c**2 + 8*c - 5. Let u(m) = 5*m**3 + 3*m**2 + 15*m - 9. Let s(j) = -7*t(j) + 4*u(j). Suppose -524*l + 1861 + 759 = 0. Calculate s(l).
19
Suppose 2*y - 5*r - 13 = 0, -5*y + 4*r = 5*r + 8. Let w(u) = 8*u**3 - u**2 - u. What is w(y)?
-8
Let k = 0 + 2. Let r be 1 + k/(-1 - -2). Let v(b) = b**3 - 190*b - 127*b - 2*b**2 + 315*b. Determine v(r).
3
Let c(z) = -2*z**3 - 43*z**2 + 16*z - 127. Suppose 1228 = -70*f - 312. What is c(f)?
5
Let x(w) = -w + 10. Suppose 0 = n - 7*n + 18. Suppose 18*a - n*a - 120 = 0. What is x(a)?
2
Let t(d) = 44*d + 310. Let j be t(-7). Let f be (8/12)/(2/6). Let z(s) = -3*s + 2*s - 2 + f*s. Give z(j).
0
Let s(p) = -p**3 - 7*p**2 - 8*p - 3. Let h(y) = 96*y - 69. Let g be h(11). Let k be 2/9 - g/189. Give s(k).
-13
Let g(x) = -x**2 - 12*x - 14. Let i(z) = 99*z - 3182. Let a be i(32). Calculate g(a).
-42
Let i(t) = -1. Let s(u) = -u + 13. Let w(c) = -6*i(c) - s(c). Determine w(-4).
-11
Let l(f) = 27*f + 19. Let z(y) = -14*y - 10. Let x(j) = 12*l(j) + 22*z(j). Determine x(-1).
-8
Let c(l) = -47 + 6*l**2 + 17 - 5*l**2 - 10*l - 25. Let p be c(14). Let u(r) = 8*r + 1. What is u(p)?
9
Let b(p) = p**3 - 25*p**2 - 23*p - 72. Let z be (-240)/504*(-98)/35*(-39)/(-2). Give b(z).
6
Suppose 23*d - 187 = 6*d. Suppose -4*i + d = b, -14 = 5*b - 4*i + i. Let r(w) = 5*w**2 - 2*w - 2. What is r(b)?
5
Let q(h) = -h**3 - 8*h**2 - 4*h + 1. Suppose 4*p - 19 = 65. Let u be 2/6 + p/(-9) - 5. Calculate q(u).
-20
Let t(a) = -2*a**3 + 3*a - 9*a - 13*a**2 + 31*a**2 + 4*a**3 - 21*a**2 + 1. Give t(-2).
-15
Suppose 5*s = -4*z - 0*z + 65250, 0 = s + 2*z - 13044. Let q(h) = -s*h + 6*h**2 + h**2 - h**2 + 13053*h. Give q(1).
5
Suppose 0 = -768*h + 761*h. Let j(x) = -2*x**2 - x - 19. Calculate j(h).
-19
Let a = -11 + 20. Let x(u) = u - 5*u + a + 7*u. Let l(m) = m**2 + 35*m - 121. Let o be l(3). Determine x(o).
-12
Let g(z) = z**3 - 337 + 223 + 82. Let h(w) = -w - 4. Let l be h(-4). Determine g(l).
-32
Let p = -7 + 2. Suppose 5*i 